{"id":68,"date":"2023-01-17T08:29:08","date_gmt":"2023-01-17T07:29:08","guid":{"rendered":"http:\/\/vrzpemgvb.cyon.link\/index.php\/home-2\/"},"modified":"2026-01-16T19:42:34","modified_gmt":"2026-01-16T18:42:34","slug":"home-2","status":"publish","type":"page","link":"https:\/\/aul-be.ch\/","title":{"rendered":"Home"},"content":{"rendered":"\n\n\n\n\n\n\n\n<h2>ANLAUFSTELLE \u00dcBERLASTUNG LANDWIRTSCHAFT (AUL)<\/h2>\n<p><span style=\"font-weight: 700; color: rgb(0, 0, 0); font-family: &quot;Open Sans&quot;, sans-serif, google; font-size: 15px; background-color: rgb(255, 255, 255);\">Die Anlaufstelle \u00dcberlastung Landwirtschaft (AUL) unterst\u00fctzt alle Menschen in einem landwirtschaftlichen Umfeld, welche in einer schwierigen Lebenssituation sind und an ihre Grenzen kommen.<\/span><span style=\"color: rgb(0, 0, 0); font-family: &quot;Open Sans&quot;, sans-serif, google; font-size: 15px; background-color: rgb(255, 255, 255);\">&nbsp;<\/span><span style=\"font-weight: 700; color: rgb(0, 0, 0); font-family: &quot;Open Sans&quot;, sans-serif, google; font-size: 15px; background-color: rgb(255, 255, 255);\">Unser Wirkungskreis ist auf den Kanton Bern beschr\u00e4nkt.<\/span><br><\/p>\n<p style=\"color: rgb(0, 0, 0); font-family: &quot;Open Sans&quot;, sans-serif, google; font-size: 15px; background-color: rgb(255, 255, 255);\">Die b\u00e4uerliche Bev\u00f6lkerung sieht sich vermehrt Herausforderungen in verschiedenen Bereichen gegen\u00fcber. Es kann vorkommen, dass man an seine Grenzen st\u00f6sst und eine gewisse \u00dcberforderung oder Hilflosigkeit sp\u00fcrt. Die Anlaufstelle \u00dcberlastung Landwirtschaft bietet Ihnen hier eine kostenlose und vertrauliche Unterst\u00fctzung an.<br>Ihr Anliegen wird am Telefon von einer Ansprechperson entgegengenommen und wenn m\u00f6glich werden erste Kontakte weitervermittelt. Falls dies nicht ausreichend ist, wird Ihr Anliegen an eine sog. Kontaktperson der AUL weitergeleitet, welche Sie kontaktiert und ein erstes pers\u00f6nliches Gespr\u00e4ch vereinbart. Ein \u00dcberblick und die Strukturierung der Herausforderungen kann bereits viel zur L\u00f6sung beitragen. Gemeinsam werden die n\u00e4chsten Schritte definiert und die Kontaktperson hilft mit, die passenden Fachstellen zu vermitteln.<\/p><p style=\"color: rgb(0, 0, 0); font-family: &quot;Open Sans&quot;, sans-serif, google; font-size: 15px; background-color: rgb(255, 255, 255);\"><br>Die Kontaktpersonen kommen selber aus dem b\u00e4uerlichen Umfeld und haben eine hohe Sozialkompetenz.<\/p><p style=\"color: rgb(0, 0, 0); font-family: &quot;Open Sans&quot;, sans-serif, google; font-size: 15px; background-color: rgb(255, 255, 255);\">&nbsp;<\/p><p style=\"color: rgb(0, 0, 0); font-family: &quot;Open Sans&quot;, sans-serif, google; font-size: 15px; background-color: rgb(255, 255, 255);\"><span style=\"font-weight: 700;\">Sie erreichen uns telefonisch von Montag bis Freitag 7.30 &#8211; 12.00 und 13.00 &#8211; 16.00 Uhr <\/span>unter der Telefonnummer&nbsp;<span style=\"font-weight: 700;\">079 200 00 44<\/span>&nbsp;oder per e-mail:&nbsp;<a title=\"info@aul-be.ch\" href=\"mailto:info@aul-be.ch\" style=\"color: rgb(42, 42, 42); transition: background-color 250ms ease-in-out 0s, color 250ms ease-in-out 0s;\">info@aul-be.ch<\/a><\/p><p style=\"color: rgb(0, 0, 0); font-family: &quot;Open Sans&quot;, sans-serif, google; font-size: 15px; background-color: rgb(255, 255, 255);\">Ausgenommen sind allgemeine Feiertage.<\/p>\n\n\n<p class=\"cc-m-download-title\" style=\"font-weight: 700; color: rgb(0, 0, 0); font-family: &quot;Open Sans&quot;, sans-serif, google; font-size: 15px; background-color: rgb(255, 255, 255);\">Info-Flyer deutsch<\/p><p class=\"cc-m-download-file\" style=\"color: rgb(0, 0, 0); font-family: &quot;Open Sans&quot;, sans-serif, google; font-size: 15px; background-color: rgb(255, 255, 255);\"><p class=\"cc-m-download-file-name\">Anlaufstelle \u00dcberlastung Landwirtschaft<\/p><\/p>\n\n\n\n<p class=\"cc-m-download-title\" style=\"font-weight: 700; color: rgb(0, 0, 0); font-family: &quot;Open Sans&quot;, sans-serif, google; font-size: 15px; background-color: rgb(255, 255, 255);\">Flyer en fran\u00e7ais&nbsp;<\/p><p class=\"cc-m-download-file\" style=\"background-color: rgb(255, 255, 255);\"><p class=\"cc-m-download-file-name\" style=\"\">Point de contact surmenage dans l\u2018agriculture AUL<\/p><\/p>\n\n\n\n\n\n","protected":false},"excerpt":{"rendered":"","protected":false},"author":2,"featured_media":0,"parent":0,"menu_order":0,"comment_status":"closed","ping_status":"closed","template":"","meta":{"_seopress_robots_primary_cat":"","_seopress_titles_title":"","_seopress_titles_desc":"","_seopress_robots_index":"","pagelayer_contact_templates":[],"_pagelayer_content":"","footnotes":""},"class_list":["post-68","page","type-page","status-publish","hentry"],"_links":{"self":[{"href":"https:\/\/aul-be.ch\/index.php\/wp-json\/wp\/v2\/pages\/68","targetHints":{"allow":["GET"]}}],"collection":[{"href":"https:\/\/aul-be.ch\/index.php\/wp-json\/wp\/v2\/pages"}],"about":[{"href":"https:\/\/aul-be.ch\/index.php\/wp-json\/wp\/v2\/types\/page"}],"author":[{"embeddable":true,"href":"https:\/\/aul-be.ch\/index.php\/wp-json\/wp\/v2\/users\/2"}],"replies":[{"embeddable":true,"href":"https:\/\/aul-be.ch\/index.php\/wp-json\/wp\/v2\/comments?post=68"}],"version-history":[{"count":5,"href":"https:\/\/aul-be.ch\/index.php\/wp-json\/wp\/v2\/pages\/68\/revisions"}],"predecessor-version":[{"id":12598,"href":"https:\/\/aul-be.ch\/index.php\/wp-json\/wp\/v2\/pages\/68\/revisions\/12598"}],"wp:attachment":[{"href":"https:\/\/aul-be.ch\/index.php\/wp-json\/wp\/v2\/media?parent=68"}],"curies":[{"name":"wp","href":"https:\/\/api.w.org\/{rel}","templated":true}]}}